(s) = 2*s**3 - 6*s**2 + 7*s + 11. Is f(h) a prime number?
False
Suppose 0 = 4*s - 6*s + 2. Let x(r) be the first derivative of 92*r**3/3 + r**2/2 - 2. Is x(s) a composite number?
True
Let a = -1222 - -2578. Suppose 5*g - a = 2*g - 3*y, y - 1366 = -3*g. Is g composite?
False
Let c be (12/(-18))/(1/(-6)) + 1172. Suppose -346 = 2*f - c. Is f a composite number?
True
Let o(h) = 4*h**2 - 21*h - 42. Is o(-13) a prime number?
True
Let x = 23438 - 11781. Is x a prime number?
True
Suppose 0 = u + k - 124, 3*u - 4*k - 51 = 307. Let j = 27 + u. Let l = j + -34. Is l prime?
False
Let h(v) = -29*v**3 - v**2 + 20*v - 3. Is h(-8) a prime number?
True
Suppose 0 = 3*g - 9 + 30. Let f(i) = i**2 + 6*i + 3. Is f(g) a prime number?
False
Let x be -7*(-1)/28 + 23/4. Is 2 - -1594*21/x composite?
False
Let f(i) = -2*i + 19. Let j be f(8). Let v(p) = 38*p**3 - 3*p**2 + 2*p + 4. Is v(j) a composite number?
False
Let u be 1 + (-2 - 0)/(-2). Let s(v) = v - 13. Let o be s(11). Is 33 - 8/(o*u) a composite number?
True
Suppose 0 = 4*o - o. Let y = 7 + o. Suppose 0 = l - 16 - y. Is l prime?
True
Let d = 326 + -326. Let i = -4 + 9. Suppose -3*w + 2631 = 2*f, d = -i*w + 4*w - 2*f + 873. Is w a composite number?
True
Suppose -2*r + 12 = 16, -3*r + 13903 = d. Is d prime?
False
Let k(h) = 775*h - 42. Is k(8) a composite number?
True
Suppose 1567 = 4*n - b, n + 5*b - 31 = 387. Suppose -2*u + 133 = z - 4*u, -4*u = -3*z + n. Is z composite?
False
Is 6/(-24) - (-56825)/20 a composite number?
True
Suppose -5*j + 51 = 3*x, x + 1 = -j + 12. Suppose 12*n - 921 = j*n. Is n composite?
False
Suppose -26878 = -7*u + 84835. Is u prime?
True
Is (-8)/10 + (-11934881)/(-245) a prime number?
False
Let s(h) = 27*h**3 - h**2 + 2*h - 1. Let t be s(1). Suppose 3*c - t = -9. Suppose 0 = -c*d + 609 + 105. Is d composite?
True
Let t = 4796 - -7319. Is t composite?
True
Suppose -52 - 2 = -6*s. Let k(t) = t**3 - 7*t**2 + 26*t - 7. Is k(s) composite?
False
Suppose -6*l + 6 = -4*l. Let s be -1*(l - 2) + -301. Let v = s - -463. Is v a prime number?
False
Suppose -3 = 2*p - 3*p. Suppose p*c = 105 - 12. Is c composite?
False
Suppose 2*t = 4*n - 4228, 1057 = n - 4*t - t. Suppose 0 = 4*y + s - 845, 0*y - 2*s + n = 5*y. Is y prime?
True
Suppose 4*l + 4*h - 28 = 36, h = 3*l - 68. Suppose -o - 10 = -l. Is o a composite number?
False
Let d(t) = -3561*t + 68. Is d(-9) prime?
True
Let z(b) = -b + 8. Let d be z(7). Let j(x) = 348*x**2 - x. Is j(d) composite?
False
Suppose 3 = -4*t + 3*s, 3*s = t + 2*t + 6. Suppose 128 = t*v + 2*p - 514, -4*p = 0. Is v a composite number?
True
Let z = 34 + -31. Suppose 2 = 2*n - 0, 2*a - z*n - 931 = 0. Is a composite?
False
Suppose -3*w + 7*w = 2*f + 902, 0 = -2*w + 2*f + 456. Let r = -112 + w. Is r a composite number?
True
Let v(u) = -u**2 - 13*u + 18. Let l be v(-14). Suppose -4*k + 1851 = l*i + 299, -4*i - k = -1561. Is i prime?
False
Suppose -3*d - 2*q = 20, 4*d + d = 2*q - 28. Is 22 - (d*2)/(-4) a prime number?
True
Let k(a) = 1180*a - 329. Is k(4) a prime number?
True
Let p = 7635 + 7960. Is p a composite number?
True
Let f = -23 + 22. Let x = 2 - f. Suppose -2*o = 4*i - 594, 0*o - 1155 = -4*o + x*i. Is o a composite number?
True
Suppose -o - 328 = 4*q - 3331, -2*q - 2*o = -1506. Let w = 154 + q. Suppose -3*c - 265 = -w. Is c a prime number?
False
Let m be 3*(-3)/(9/(-2)). Suppose -3*a + 12 = 0, 2*x - 5*x - m = -2*a. Is x/(3 - 1)*233 a prime number?
True
Let m(w) = 10*w**2 + 9*w + 130. Is m(13) a prime number?
False
Let o(g) = g + 7. Let i be o(-9). Let p be ((-2)/2*6)/i. Suppose t - 3*m = p*t - 35, 10 = 2*m. Is t composite?
True
Let h(s) = -29*s + 20. Let i(o) = -30*o + 21. Let a(z) = 6*h(z) - 5*i(z). Let j be a(12). Is 4*(j/4)/(-7) a prime number?
False
Let i(x) be the second derivative of 40*x**3/3 - 7*x**2/2 + 25*x. Is i(12) prime?
True
Suppose 6*m = -7*m + 67691. Is m a composite number?
True
Let n(v) = 5*v**2 + v + 3377. Is n(0) a prime number?
False
Suppose -5*k - 6 = -16. Suppose -l = k*l + 24. Is (138 + 0)*(-4)/l a composite number?
True
Suppose -2*k + 17177 = -2*g - 12175, 73365 = 5*k - 2*g. Is k a prime number?
False
Suppose 3*y = -j + 306, -6 = -4*y + 2. Suppose 2*p = j - 80. Suppose p = 5*c - 0*c. Is c a prime number?
False
Suppose 82*c - 2983794 = 16*c. Is c prime?
False
Let n = 107 + -65. Suppose 2*i - 14 - n = 0. Suppose d - 87 = i. Is d composite?
True
Let r(y) = y**2 + y**3 - y + 74 + 0*y**3 - 2*y**3. Let t(q) = -q**2 + 16*q + 17. Let i be t(17). Is r(i) prime?
False
Let l = 125 - 120. Suppose -8542 = -l*g + 3553. Is g a prime number?
False
Suppose p = 2 + 3. Let x be (-14)/(-4)*15160/70. Suppose -p*u = 2*s - 6*s + x, -s + 5*u + 197 = 0. Is s a composite number?
True
Let g(s) = -560*s + 93. Is g(-4) composite?
False
Let b = 23828 - 8961. Is b prime?
True
Suppose 24 - 96 = -4*v. Suppose v*o - 15*o = 201. Is o prime?
True
Let t(l) = 0 + 1 + 5 + l + 0*l. Let p be t(-3). Suppose u - 2*u + 4*j = -199, p = 3*j. Is u a composite number?
True
Let j(t) = -t**3 - t**2 + t - 1. Let l be j(-2). Let h(s) = 125*s**2 + s - 7. Let y(o) = 188*o**2 + 2*o - 10. Let p(i) = -7*h(i) + 5*y(i). Is p(l) prime?
True
Let i(f) = 13*f**2 - 5*f + 7. Let b(g) be the third derivative of -g**5/10 + g**4/8 - 2*g**3/3 + 3*g**2. Let o(v) = 5*b(v) + 3*i(v). Is o(1) a prime number?
False
Let r(z) = -z**3 + 3*z**2 + 2. Suppose 0 = -3*t + 8*t - 15. Let v be r(t). Suppose -4*n - 135 = -d - v*d, 0 = -d - 2*n + 55. Is d a composite number?
True
Let p = 1941 - -224. Is p a composite number?
True
Suppose 0 = 2*b - 4*g + 131 - 11, -g - 231 = 4*b. Let w be b/(-6) + 6/18. Let p(j) = j**2 - 4*j + 11. Is p(w) composite?
False
Suppose 1266 - 464 = d. Suppose -5*a + d = -783. Is a composite?
False
Let g(l) = -33*l + 3. Let m be g(-1). Let n = 67 + m. Is n a composite number?
False
Let u be 5/(-4 + (-9)/(-2)). Suppose 4*k + 2*x - 3*x = 462, u = -5*x. Is k + 0 + (-4 - 0) a composite number?
True
Let w(p) = -6*p - 12. Let g be w(-4). Suppose -g = h - 0. Let i = h - -25. Is i composite?
False
Let o(h) = 2*h + 7. Let i(u) = 4*u - 10. Let z be i(4). Is o(z) a composite number?
False
Let b(d) = -d + 5. Let y be b(0). Suppose y*i - m + 5*m = -3875, 0 = -3*m - 15. Is (4/12)/((-1)/i) composite?
False
Suppose 43049 - 121045 = -4*k. Suppose 0 = -18*w + w + k. Is w prime?
False
Let k be ((7 - 4) + 0)*1. Suppose 0 = -k*v + 8*v - 10. Suppose 4*p - 291 = -5*i, 2*i - v*p - 297 = -3*i. Is i prime?
True
Suppose 35 - 75 = -4*o. Suppose 5*i = o*b - 12*b + 4545, 922 = i + 3*b. Is i a prime number?
True
Let a = -2928 - -6521. Is a a prime number?
True
Let r = -11 - -18. Let h(y) = -y**3 + 10*y**2 - 7*y - 11. Is h(r) a prime number?
False
Suppose 5*t = -25, 3*f - 5*t + 0 = 16. Let h = 3 + f. Suppose b + h*b - 263 = 0. Is b a composite number?
False
Suppose 387 + 41 = -4*k - 5*n, 0 = -n + 4. Let w = -3 - k. Suppose -4*m + 3*g = -142, -3*m + 4*g = 3*g - w. Is m composite?
False
Let r(h) = 432*h**2 - 6*h + 11. Is r(-4) composite?
False
Suppose -4146 = 4*x - 7*x - 3*c, 5 = 5*c. Is x composite?
False
Let r(l) = 18*l**3 + l**2 - 2*l - 9. Let o(p) = -p**3 + 6*p**2 - 3*p - 6. Let k be o(5). Is r(k) prime?
True
Suppose -j = -u - 6561, -3*u - 2328 - 10792 = -2*j. Is j composite?
False
Let l(d) = -5*d. Let n be l(2). Let g(p) = -p**3 - 4*p**2 - 20*p - 3. Is g(n) prime?
True
Suppose -292389 = -5*n - f, -f + 6 - 2 = 0. Is n prime?
True
Let j(n) = 52*n**2 + 90*n - 13. Is j(-30) a prime number?
True
Let s be (-264)/10 - 54/90. Let q = s - -41. Is q a composite number?
True
Let u = 29096 + -17115. Is u a prime number?
True
Suppose -5*l = -3*y + 20584, 3*y = l + 21402 - 814. Is y a prime number?
True
Let p(s) = s**3 - 8*s**2 + 8*s - 7. Let k be p(7). Suppose k = -10*y + 5*y + 175. Is y prime?
False
Let j = -4846 - -8279. Is j a prime number?
True
Let f(y) be the first derivative of y**2/2 + 10*y - 4. Let l be f(-7). Suppose i - l*m = 31, 4*i - 44 = 2*i - 3*m. Is i composite?
True
Let u(r) = -114*r + 89. Is u(-12) a prime number?
False
Suppose 4*q - 5*g = 7*q - 1486, 5*q - 2494 = -4*g. Is q a composite number?
True
Let c = -22 - -187. Suppose 3*k - 773 = -2*y, -3*k + 2*y + 934 = c. Is k prime?
True
Suppose -c - q + 268 = 2*c, q = 4*c - 369. Let x = c - 36. Let n = x + 162. Is n prime?
False
Let k = 16 - 19. Let s be 2 - (5 - 2)/k. Is (-4 + s)/((-2)/1